ultiple of 184?
False
Is 111983760 a multiple of 144?
True
Does 22 divide 181565538?
True
Is 30 a factor of 91900110?
True
Is 147 a factor of 8921577?
True
Is 2052 a factor of 58163940?
True
Does 153 divide 38986593?
False
Is 46 a factor of 92627900?
True
Does 4 divide 637006209?
False
Is 143453485 a multiple of 295?
True
Does 7836 divide 968341536?
True
Is 34627108 a multiple of 142?
False
Is 13467864 a multiple of 5?
False
Is 437963922 a multiple of 297?
True
Is 32 a factor of 161850784?
True
Does 1056 divide 33392369?
False
Is 351198918 a multiple of 18?
True
Is 585280266 a multiple of 2?
True
Is 522267 a multiple of 2?
False
Is 1900 a factor of 278402959?
False
Is 855605308 a multiple of 1156?
True
Is 35 a factor of 11209765?
True
Does 373 divide 9208345?
False
Is 4524 a factor of 2587809971?
False
Is 78951240 a multiple of 40?
True
Is 614412905 a multiple of 321?
False
Is 2954 a factor of 136471727?
False
Is 83045093 a multiple of 11?
False
Does 448 divide 25455360?
True
Is 242548982 a multiple of 414?
False
Is 104 a factor of 8322510?
False
Does 1072 divide 140987098?
False
Does 163 divide 9597675?
False
Is 32 a factor of 1149376?
True
Is 10 a factor of 576389950?
True
Does 20 divide 66940420?
True
Is 601450344 a multiple of 3162?
True
Is 5390200 a multiple of 5?
True
Does 535 divide 13805882?
False
Is 957881137 a multiple of 49?
False
Is 77 a factor of 2391708?
False
Is 1045753274 a multiple of 74?
True
Is 952417823 a multiple of 628?
False
Does 6 divide 37778238?
True
Is 1147216450 a multiple of 24?
False
Is 3988 a factor of 486906884?
True
Does 54 divide 984065922?
True
Is 39 a factor of 100641272?
False
Does 2244 divide 83746080?
True
Does 242 divide 2165829029?
False
Does 4936 divide 3134636887?
False
Does 1564 divide 473665220?
True
Does 117 divide 10224441?
False
Does 79 divide 91004850?
False
Is 41579630 a multiple of 117?
False
Does 43 divide 662997454?
False
Is 13837041 a multiple of 9?
True
Is 31162934 a multiple of 70?
False
Is 1924171 even?
False
Is 14790333 a multiple of 3?
True
Does 22 divide 2107780111?
False
Does 75 divide 939048273?
False
Is 40165451 a multiple of 23?
False
Is 313139399 a multiple of 77?
False
Is 321016328 a multiple of 344?
True
Is 786818502 a multiple of 2658?
True
Does 419 divide 15462642?
False
Is 17 a factor of 10481996?
True
Is 76104394 a multiple of 11?
False
Does 136 divide 3026000?
True
Does 8 divide 12133996?
False
Does 17 divide 88903149?
True
Does 13 divide 42559114?
True
Is 458122565 a multiple of 64?
False
Is 8456395 a multiple of 446?
False
Is 385634496 a multiple of 13?
True
Does 1279 divide 260583251?
False
Is 141 a factor of 1146666567?
True
Is 126628500 a multiple of 435?
True
Is 4614588 a multiple of 18?
True
Is 40322148 a multiple of 346?
True
Does 6 divide 1458852?
True
Does 30 divide 13692558?
False
Does 868 divide 116300340?
False
Is 30090035 a multiple of 187?
False
Does 7 divide 2353752?
False
Is 84902576 a multiple of 8?
True
Is 84 a factor of 153947337?
False
Is 147123 even?
False
Is 38 a factor of 34057448?
False
Does 510 divide 129364050?
True
Does 12 divide 89163240?
True
Is 10276813 a multiple of 3?
False
Is 26178372 a multiple of 66?
True
Is 107 a factor of 107268161?
False
Is 10 a factor of 1402101775?
False
Does 96 divide 4732053?
False
Is 197752436 a multiple of 46?
True
Is 20 a factor of 23004417?
False
Is 11 a factor of 137696482?
True
Is 3 a factor of 2828748?
True
Does 10 divide 2087440872?
False
Is 11 a factor of 18566980?
False
Does 9571 divide 2390567812?
True
Is 141361686 a multiple of 2805?
False
Is 394819674 a multiple of 8202?
True
Is 962783343 a multiple of 54?
False
Is 1037 a factor of 261539438?
False
Is 67 a factor of 20661661?
True
Does 570 divide 46488060?
True
Is 456376894 a multiple of 1294?
False
Is 6 a factor of 37328056?
False
Does 1864 divide 43453568?
True
Does 4 divide 13401073?
False
Does 91 divide 1284252606?
True
Is 339206195 a multiple of 37?
True
Is 536 a factor of 71050093?
False
Is 59006360 a multiple of 664?
True
Is 13027350 a multiple of 25?
True
Is 286 a factor of 729746160?
True
Does 159 divide 24455154?
True
Is 103824666 a multiple of 297?
True
Is 269 a factor of 207259120?
True
Is 41451701 a multiple of 1422?
False
Is 110708091 a multiple of 9?
True
Is 31082796 a multiple of 2?
True
Is 189 a factor of 59859399?
False
Is 1545748976 a multiple of 1388?
True
Does 89 divide 4040143875?
True
Is 19063620 a multiple of 86?
True
Does 26 divide 419905278?
True
Does 5 divide 12562130?
True
Is 25085844 a multiple of 126?
True
Does 2817 divide 161022537?
True
Is 23 a factor of 993606357?
False
Is 49 a factor of 2405816421?
False
Is 8827 a factor of 627935126?
True
Is 728 a factor of 60551772?
False
Is 965 a factor of 740548431?
False
Does 37 divide 492570788?
True
Does 10 divide 128468760?
True
Does 3 divide 115178696?
False
Does 8 divide 110571704?
True
Does 159 divide 794977581?
True
Is 184731769 a multiple of 3407?
False
Does 291 divide 23289966?
False
Is 18 a factor of 4634765?
False
Is 358209104 a multiple of 823?
True
Does 410 divide 335729730?
True
Is 13 a factor of 6415588?
False
Is 42143521 a multiple of 26?
False
Is 74894157 a multiple of 36?
False
Is 2396790474 a multiple of 6?
True
Is 69 a factor of 101170422?
True
Does 2140 divide 121143260?
True
Is 163629620 a multiple of 2471?
True
Does 424 divide 41591856?
True
Is 5 a factor of 11038300?
True
Does 94 divide 535573178?
True
Does 27 divide 99957249?
False
Does 10 divide 12041091?
False
Is 88270714 a multiple of 6?
False
Does 10 divide 7899375?
False
Is 16 a factor of 38685738?
False
Is 71 a factor of 34876052?
True
Is 9 a factor of 8737506?
True
Is 13203600 a multiple of 44?
False
Is 1201 a factor of 101515726?
True
Is 21 a factor of 607938250?
False
Does 245 divide 244377455?
True
Does 3383 divide 3304988020?
True
Is 16 a factor of 66347264?
True
Is 81408652 a multiple of 23?
False
Is 44 a factor of 5195520?
True
Is 13 a factor of 3154319571?
True
Is 19351780 a multiple of 140?
True
Does 32 divide 4571369536?
True
Is 83751278 a multiple of 19?
True
Is 21082501 a multiple of 79?
False
Does 91 divide 715908648?
True
Is 18 a factor of 1232604018?
True
Is 7490702 a multiple of 106?
True
Is 493167777 a multiple of 96?
False
Is 3379870 a multiple of 26?
True
Is 330488648 a multiple of 79?
False
Is 35 a factor of 3438419?
False
Is 149697255 a multiple of 18?
False
Is 27557175 a multiple of 15?
True
Is 191417948 a multiple of 236?
True
Is 46826955 a multiple of 105?
True
Does 710 divide 379950110?
True
Does 113 divide 19089247?
False
Is 75408308 a multiple of 55?
False
Does 1507 divide 2035092399?
False
Is 533351414 a multiple of 19?
False
Is 31 a factor of 255588634?
False
Is 53 a factor of 1251698297?
True
Does 4 divide 81771952?
True
Is 247560045 a multiple of 15?
True
Is 36740226 a multiple of 203?
False
Is 21020946 a multiple of 41?
True
Is 91957730 a multiple of 45?
False
Does 8 divide 9453672?
True
Is 107895866 a multiple of 2525?
False
Is 42180335 a multiple of 11?
False
Is 2 a factor of 3552489?
False
Does 2322 divide 62972640?
True
Does 22 divide 106700924?
True
Does 5911 divide 683654438?
True
Is 113344172 a multiple of 5?
False
Is 63578262 a multiple of 3201?
True
Is 2428674371 a multiple of 142?
False
Is 1436043040 a multiple of 11152?
True
Is 473 a factor of 177132351?
True
Is 3 a factor of 1260736?
False
Is 491519137 a multiple of 197?
True
Is 28 a factor of 446637072?
True
Does 119 divide 609976626?
True
Does 9 divide 12262025?
False
Does 54 divide 18800474?
False
Does 13 divide 40067150?
False
Does 797 divide 74982557?
True
Is 69 a factor of 59971403?
False
Is 27 a factor of 7069707?
True
Is 3314728058 a multiple of 905?
False
Is 826 a factor of 7900964?
False
Does 2199 divide 254282790?
False
Does 700 divide 2099398419?
False
Is 413724808 a multiple of 4934?
False
Is 912922833 a multiple of 501?
False
Is 2608 a factor of 1152880425?
False
Is 992 a factor of 13667776?
True
Is 11619206 a multiple of 24?
False
Is 10164 a multiple of 11?
True
Is 1986533804 a multiple of 1308?
False
Does 2 divide 80059214?
True
Is 3699 a factor of 806089779?
True
Is 19 a factor of 955789?
False
Is 117293241 a multiple of 9?
False
Is 323746116 a multiple of 1163?
False
Does 126 divide 